isor of 8757 and l.
63
Suppose -3*g = 5*d - 59, 0 = 3*g - d + 5*d - 61. Let q = -245 - -358. Let j = q - 67. What is the highest common factor of j and g?
23
Let u be (-22)/3 - (-1)/3. Let f be -1 - 2/(2/u). Let q = 952740 + -952698. What is the highest common factor of q and f?
6
Let r = -34701 + 35782. What is the greatest common factor of r and 47?
47
Let w = -55 + 61. Suppose w*u = -1 + 13. Suppose 3*i = u*i + 15. Calculate the greatest common divisor of i and 135.
15
Let g(r) = -1952*r**3 - r**2 - 38*r - 39. Let v be g(-1). Calculate the greatest common divisor of v and 6.
6
Let i = -8601 - -9401. What is the greatest common divisor of 24 and i?
8
Let l(a) = 148*a - 6139. Let i be l(125). Calculate the highest common divisor of 47 and i.
47
Let b(n) = 190*n + 104. Let t be b(0). What is the greatest common factor of 5772 and t?
52
Let z(t) = 253*t + 650. Let d be z(-2). Calculate the greatest common factor of 45 and d.
9
Let t be -6 + 16 - 20 - -23. What is the greatest common divisor of t and 871?
13
Suppose 4*x - 5*f - 37 = 0, 4 - 23 = -3*x + 2*f. Suppose -x*y - 22 = -31. Calculate the highest common factor of 33 and y.
3
Let v(a) be the first derivative of 14*a**3/3 - 5*a - 1. Let i be v(3). Let q = 322 + -311. Calculate the highest common factor of i and q.
11
Let m(x) be the second derivative of x**5/20 - 2*x**4/3 - 29*x**3/6 - 19*x**2/2 + 61*x. Let l be m(12). Calculate the greatest common divisor of 19 and l.
19
Let x(y) = -y**2 - 8*y - 2. Let p be x(-4). Suppose -m + p = -0*m. Suppose 0 = 100*a - 97*a - 63. What is the greatest common divisor of a and m?
7
Suppose -5*o + 72 = o. Let a be 475/(-15) + (-16)/o. Let g be 1/11*1091 - (-6)/a. Calculate the highest common factor of 9 and g.
9
Let h(j) = 2*j**2 - 2*j**2 + 2*j**2 - 10*j - 7. Let p be h(6). Let k be 5/1*(-77)/(-11). Calculate the greatest common factor of k and p.
5
Let k = 3393 - 3309. What is the highest common divisor of k and 189?
21
Let w be (-38 - -38)/(1*-1). Let y be -115*(40/(-25) - w). Calculate the greatest common divisor of 46 and y.
46
Let c(x) = -88*x + 28. Let r be c(-3). Suppose 2*p + 3*o - r = -o, -4*p + o = -548. Calculate the highest common factor of 6 and p.
6
Suppose 23*i - 19*i - 1344 = 0. Suppose 8*q - i = -0*q. Calculate the highest common factor of 24 and q.
6
Let s = -24 + 50. Let v = 548 + -333. Suppose 3*c - v = 5*y + 44, 0 = -3*c + y + 239. What is the highest common factor of c and s?
26
Suppose -8771 - 46579 = -9*q. What is the greatest common factor of q and 123?
123
Let w = 12880 - 10981. What is the highest common divisor of 844 and w?
211
Let k be 2 + (-918 - 42/(-6))*-1. What is the greatest common divisor of k and 4150?
83
Let j be (5/2)/((-1)/(-2)). Let f(a) = -a**2 + 4*a + 7. Let v be f(7). Let y be 348/10 + v/(-70). What is the greatest common divisor of j and y?
5
Let j(d) = d**3 + 41*d**2 - 45*d + 52. Let p be j(-42). Let g = p - 116. What is the greatest common divisor of 434 and g?
62
Suppose 24*c - 356 = 52. What is the greatest common factor of 14161 and c?
17
Suppose 83*o - 9889 = 54*o. Suppose -628 = -23*b + 798. Calculate the greatest common factor of o and b.
31
Let x be (-3)/(-5) - (5 - (-192)/(-30)). Let j(w) = -3*w**3 - 2*w**2 - 2*w - 2. Let o = 24 - 26. Let z be j(o). What is the greatest common factor of x and z?
2
Let h(g) = 3*g**2 + 174*g + 361. Let m be h(-79). What is the greatest common divisor of 68 and m?
34
Let c be (-24)/10*(-15)/2. Suppose 4*i - 5*w - c = 25, -2*i = 2*w - 44. What is the highest common divisor of 34 and i?
17
Suppose -f = 4*w - 257, 3*w + 170*f - 165*f = 163. Calculate the greatest common factor of w and 4983.
33
Let j be (-31 - -25)*(-13)/6. Let d = -16 + 55. Calculate the greatest common factor of j and d.
13
Let q(u) = 2*u**2 - 215*u + 1435. Let s be q(7). What is the greatest common factor of 1876 and s?
28
Let j = -6651 - -7234. Calculate the greatest common divisor of 55 and j.
11
Suppose 191 = 4*w - 61. Suppose 9 = -o - 2*f, -f + 12 - 18 = -o. Suppose o - 22 = -3*u. What is the highest common divisor of u and w?
7
Let l(t) = 45*t + 41. Let z be l(18). Suppose -11*o + z = -73. Suppose -c - 350 = -5*c + 5*a, -3*a = -c + o. What is the highest common divisor of 36 and c?
18
Let z = 80 - 35. Suppose -t = -10*t + z. Suppose -t*v + 1 = -4. What is the greatest common divisor of v and 3?
1
Let f = -8641 - -8653. Let a be (180/(-6))/(6/(-20)). What is the greatest common factor of a and f?
4
Let r = -24805 - -30568. Calculate the highest common divisor of r and 357.
51
Let y be (-3042)/(-195) - 10/(-25). What is the greatest common factor of y and 5912?
8
Suppose -2*j = -314*j + 10920. Let l be 3/((-9)/30)*-1. Calculate the highest common factor of j and l.
5
Suppose -9*t - 23*t + 320 = 0. Suppose 9*h - 3*h = 1920. Calculate the highest common divisor of t and h.
10
Let p(g) = -3*g**3 + 5*g**2 + 4*g - 6. Let s be p(-4). Suppose 0 = -5*m + 3*d + 903 + s, 1151 = 5*m - d. What is the highest common factor of 46 and m?
46
Suppose 2*v - 4*v = -4*i - 22, -3*i - 15 = -v. Suppose 0 = -v*d + 36 - 186. Let o = d - -51. What is the highest common factor of o and 5?
1
Let p(a) = -17*a + 323. Let n be p(7). What is the highest common divisor of n and 324?
12
Let k be 17/(-1)*(-692 - -1) - (-1 + 8). What is the greatest common factor of k and 40?
20
Suppose -14130 + 40310 = 51*a - 34*a. Calculate the greatest common factor of a and 350.
70
Let w = 123 + -120. Suppose g = w*y + 12, -17 = -5*g + 2*y + 43. Calculate the greatest common divisor of 348 and g.
12
Let c(j) be the third derivative of -j**4/2 - 37*j**3/2 + 206*j**2. Let v be c(-25). What is the highest common divisor of 63 and v?
63
Let w(j) = j**2 + 2*j + 14. Let s be w(-6). Suppose -67*r = -62*r - 190. What is the greatest common factor of r and s?
38
Let h be (2 + -9 - -1) + 13. Let b be 4 - 7/h*2. Calculate the greatest common divisor of b and 1.
1
Suppose 0 = -167*g + 170*g - 6. Suppose -g*s = -4*l + 2*s + 1144, -5*s = 3*l - 874. Suppose 11*i = l - 79. What is the greatest common divisor of i and 133?
19
Let c = 1404 + -1159. What is the greatest common divisor of 7 and c?
7
Suppose -2*g - 3*s + 0 - 7 = 0, 0 = -g + 4*s + 24. Let c = 28 + -28. Suppose c = 11*a - 4*a - 28. What is the highest common factor of a and g?
4
Suppose 4*y - 2*g - 190 = 0, 4*y - 3*y = -5*g + 42. Let m = y + -44. Suppose -z - m*z + 100 = 0. Calculate the highest common divisor of z and 225.
25
Let k(w) = -w**3 + 10*w**2 - 2*w - 28. Let y be k(8). Suppose -2*t - 2*t - y = -4*j, 24 = 2*j + 4*t. Calculate the highest common factor of j and 2.
2
Let c = -8 + 6. Let t be c/(-9) + -338*(-5)/9. Suppose -t + 692 = 4*o. Calculate the highest common divisor of 14 and o.
14
Let x be 1544/((-17)/((-595)/14)). What is the greatest common factor of 20 and x?
20
Let w be (-70)/(-21)*18/4. Suppose -w*n - 867 = -222. Let l = n + 92. What is the greatest common factor of l and 392?
49
Let x be 72/(-60)*(-55 - -5). Calculate the greatest common factor of x and 210.
30
Suppose -2*q = -0 - 8. Suppose -q = 4*v - 12. Let u be v - 62/(-4)*(-4 - -6). What is the highest common factor of u and 3?
3
Suppose -2*h + 0*w + 21 = 3*w, 2 = 4*h - 2*w. Suppose 5*r = -h*d + 988, -542 - 786 = -4*d - 4*r. Calculate the greatest common divisor of d and 21.
21
Let o be 2 + -3*12/(-18). Suppose -o*p + 9 = -55. What is the highest common factor of p and 28?
4
Let t = 3 + -2. Let f(j) = -2*j**3 - 150*j**2 - 568*j + 1. Let q be f(-71). What is the greatest common factor of t and q?
1
Let u be (-4 + 4)*(-5)/(5 - 0). Suppose 40*c - 38*c - 300 = u. What is the highest common divisor of c and 200?
50
Suppose 0*x = 2*x - 128. Let v = -43865 - -43913. What is the greatest common factor of v and x?
16
Let d(c) = -6*c**3 + 19*c**2 + 105*c + 20. Let x be d(-5). Calculate the highest common factor of x and 1710.
90
Let w be ((-1 + 0)*(6 + -7))/(13/2717). Suppose -2*r + 13 = 5*d, 0 = -3*r + 2*d + d + 72. What is the greatest common factor of r and w?
19
Suppose 13*s + 19*s = -16*s + 2880. What is the highest common factor of s and 4470?
30
Suppose y + i - 1187 = 2135, 4 = i. Calculate the highest common divisor of 84 and y.
42
Let u(q) be the second derivative of -q**3 - 3*q**2 + q. Suppose -697*d + 719*d = -66. Let s be 